e -4 + 3/(-2)*-4. Suppose -t + 41 = -5*s, -8*t + l*s = -3*t - 159. Let x = -20 + 28. What is the remainder when t is divided by x?
7
Let b(a) = -a**3 - 30*a**2 - 3*a + 41. Calculate the remainder when b(-30) is divided by 85.
46
Let n(t) = -2*t**3 - 36*t**2 + 58*t - 126. What is the remainder when n(-20) is divided by 72?
26
Let x(w) be the first derivative of 7*w**3/3 - 17*w**2/2 + w - 28. Calculate the remainder when 103 is divided by x(3).
12
Let t be -1 - 5/((-15)/(-18)). Let g = t + 15. Let a(z) = z**2 + 11*z - 41. What is the remainder when a(-16) is divided by g?
7
Let z = 1934 + -1906. Let j be (0 - (-3 - 0)) + -6. Let q(b) = -19*b - 4. Calculate the remainder when q(j) is divided by z.
25
Let n(d) be the second derivative of d**4/12 + 13*d**3/6 - 6*d**2 - 5*d. Calculate the remainder when ((-28)/84)/(2/(-402)) is divided by n(-15).
13
What is the remainder when 2/12 - (-548)/24 is divided by 7437/2613 - (-4)/26?
2
Let l = -679 - -992. Suppose 4*a + 3*d = 250, -4*d + 0*d = 5*a - l. Calculate the remainder when a is divided by 46.
15
What is the remainder when 8/1 - (-1083 + -10) is divided by 184?
181
Let b = -807 - -839. Calculate the remainder when 132 is divided by b.
4
Calculate the remainder when 1405 is divided by (24728/(-264))/(2 - 2 - (-1)/(-3)).
0
Let a(q) = -q**3 - 53*q**2 - 85*q - 4957. Calculate the remainder when a(-54) is divided by 25.
24
Calculate the remainder when 1109 is divided by 30/((-299)/(-52) + -5).
29
Let r(j) = -11*j - 142. Let z be r(-8). Let u = 92 + z. Let i(b) = 20*b**2 + 4*b + 3. Calculate the remainder when i(-2) is divided by u.
37
Calculate the remainder when 894 - -16*(-8)/16 is divided by 37.
35
Let b be (3402/(-756))/(0 + 2/(-20)). Suppose -6650 = -25*y - b*y. Calculate the remainder when y is divided by 57.
38
Suppose -5*f = -3*h + h + 270, 3*f + 2*h + 178 = 0. Let m = -65 - f. Calculate the remainder when (-3334)/(-16) + m/24 is divided by 30.
28
What is the remainder when (-90)/(-36)*(-14)/(-5) - -401 is divided by 38?
28
Let j(k) = 29*k**2 - 137*k + 4. What is the remainder when 1317 is divided by j(5)?
41
Let b(c) = 2*c**2 + 2*c - 3. Let m = 1512 + -831. Let i = m - 653. Calculate the remainder when b(-7) is divided by i.
25
Let c = -21 + -65. Let f = 37 + c. What is the remainder when (-485)/(-7) - (-14)/f is divided by 14?
13
Let l(r) = -14*r - 65. Let j be l(-5). What is the remainder when 93 is divided by (-4 + j)/((-2)/94*-1)?
46
Let h = -2927 - -2932. Calculate the remainder when 11 is divided by h.
1
Let r = 40222 + -40041. Calculate the remainder when r is divided by (-16)/(-5)*10/4.
5
Suppose -46*j + 3*j + 6240 = -4*j. Calculate the remainder when 187 is divided by j.
27
Let l = 2684 + -2629. Let v(r) = 2*r**2 - 3*r + 26. Calculate the remainder when v(9) is divided by l.
51
What is the remainder when (-8)/((-64)/(-40))*1018/(-5) is divided by 27?
19
Let p(a) = 2*a**2 - 8*a + 8. Let v be p(10). Suppose -5*t + t + v = 0. What is the remainder when t is divided by 12?
8
Let o(b) = -b**2 + 4*b + 7. Let k(f) = -59*f - 15 + 44*f - f**2 + 29*f. What is the remainder when k(12) is divided by o(5)?
1
Let d = -328 - -454. Let x = 175 - 143. Calculate the remainder when d is divided by x.
30
Suppose 86*i = -194*i + 35430 + 7970. What is the remainder when i is divided by 43?
26
Let c = -784 + 1486. Let b = 765 - c. Calculate the remainder when 122 is divided by b.
59
Let h(w) = -649*w - 1829. What is the remainder when h(-4) is divided by 24?
23
Calculate the remainder when 2233 is divided by 194/1 + 4/(-6)*48/4.
1
Suppose -53 - 29 = -2*l + 2*c, 3*l - 119 = 2*c. What is the remainder when 180 is divided by l?
32
Let x = -19029 - -19079. Calculate the remainder when 175 is divided by x.
25
Suppose 0 = -8*g - 183 - 57. Calculate the remainder when 53 is divided by (-1 + -13)*45/g.
11
Let s = -128 + 220. Let r = -86 + s. What is the remainder when r is divided by 2?
0
Let f = -29705 - -29821. Calculate the remainder when f is divided by (4 + -2)*17/2.
14
Suppose 3*u + 2656 = 19*u. Suppose 3*z - 5*z = -u. What is the remainder when z is divided by 17?
15
Suppose 218 = c + 2*u - 331, -4*c + 2172 = -4*u. Let z = 564 - c. Calculate the remainder when 62 + (-1 + 2)/1 is divided by z.
6
Let h(t) = 25*t**3 - 12*t**2 - 19*t + 179. Calculate the remainder when h(9) is divided by 208.
205
Suppose 20*h = 80*h - 10080. Calculate the remainder when h is divided by 88.
80
Suppose 49*v - 250731 = 261809. What is the remainder when v is divided by 48?
44
Let w = -5 - -12. Let f be (-62 + 61)*(1 + -37). Suppose s - f = w*o - 3*o, -4*s = 2*o - 108. Calculate the remainder when s is divided by 8.
4
Suppose -2*k - 98*v = -100*v - 480, v + 1208 = 5*k. What is the remainder when 788 is divided by k?
62
Suppose 28 + 126 = 111*m - 179. Calculate the remainder when 266 is divided by m.
2
Let z(n) be the second derivative of -n**4/12 - 17*n**3/6 - 6*n**2 + 3*n. Let m be 3*74/(-27) + 6/27. What is the remainder when z(m) is divided by 16?
12
Let q = 324 + -331. What is the remainder when 95 is divided by (1 + 35/q)*(-2 + -2)?
15
Suppose 0 = -5*i - 3*j + 19, 0*i = -4*i - 4*j + 4. Calculate the remainder when 5093 is divided by i.
5
Calculate the remainder when 1318 + (10 - 140)/(-10) is divided by 89.
85
Suppose -3 - 2 = -5*h, 4*h = 4*j - 4. Suppose 5*n + 2*p - 11 = 15, 5*n = 4*p + 8. Calculate the remainder when 74 is divided by j/(28/270) - n/14.
17
Let x = -3173 + 3342. What is the remainder when 1681 is divided by x?
160
Suppose 79 = 12*g - 17. Calculate the remainder when 57 is divided by (60/(-8))/((-4)/g).
12
Let g = 34 - 4. Suppose -2*x - x = -p + 65, 2*p - g = x. What is the remainder when (12/x)/(3/(-210)) is divided by 11?
9
Let q = -11 + 28. Suppose 149 = 3*t + q. Calculate the remainder when 6 is divided by 6/8 - (t/16 - 5).
0
Let r(d) = 27*d**2 + 37*d + 5. What is the remainder when 1032 is divided by r(-2)?
18
Suppose 20*i - 188 = 12*i + 4*i. Calculate the remainder when 106 is divided by i.
12
Suppose -n - 3*q = -33, -q + 33 = n + 4*q. Suppose 8*k - 5*k = n. Let o = k + 10. Calculate the remainder when 41 is divided by o.
20
Suppose 5*v = 5*a - 50, -9*v + 5*v - 8 = 0. Let q = 16 + a. What is the remainder when q is divided by 5?
4
Suppose -766 = -5*q - 2*v, 6*v - v + 318 = 2*q. Let w = -34673 - -34700. What is the remainder when q is divided by w?
19
Calculate the remainder when 2406 is divided by 235 - (1/(-9))/((-35)/315) - -6.
6
Suppose 2*m = 22 - 0. Let o(i) = i**2 + 7*i - 41. Let u be o(-11). Suppose -r - 21 - 17 = -g, g - 32 = u*r. Calculate the remainder when g is divided by m.
8
Let j be 83/5 - 12/(-30). Suppose 2*n - 3*m = 5*n - 9, -3*n + j = -m. Calculate the remainder when 11 is divided by (-69)/(-15) - 3/n.
3
Let m(v) = -41*v**3. Suppose -11*q = 1 - 100. Suppose -834 - 633 = -q*r. What is the remainder when r is divided by m(-1)?
40
Suppose 18*u - 120 = -6*u. Suppose 2*d - 11 - u = 0. What is the remainder when 77 is divided by d?
5
Let d(t) = 156*t - 2857. Calculate the remainder when 2346 is divided by d(19).
99
Suppose -n + 2*s = -294 - 657, 36*n - 4*s - 33896 = 0. What is the remainder when n is divided by 15?
11
Suppose 5*f - 106 = 9. Let t(l) = l**3 - l. Let k be t(0). Suppose 3*i + k*i + f = 2*a, 13 = a - 3*i. What is the remainder when a is divided by 5?
0
What is the remainder when 1066 is divided by (-53 + 58)*102/5?
46
Let q = 85 + -83. Suppose 3*o - 4*x = 111, -o - 5*x = q*o - 111. What is the remainder when 774 is divided by o?
34
Let z(n) = 477*n**2 - 5*n - 14 - 478*n**2 + 2*n + 2*n**3. Suppose -2*b - 2*b = -120. What is the remainder when z(4) is divided by b?
26
Let w be 5/2*(-36)/18. Let n = -8 - w. Let f = n - -7. Calculate the remainder when 10 is divided by f.
2
Let g = -14614 + 14746. What is the remainder when 713 is divided by g?
53
Let d = -179 - -329. Suppose 5 - d = -5*i. What is the remainder when i is divided by 11?
7
Let t(s) = 10*s**2 + 6*s. Suppose 294*a + 5143 = 433*a. What is the remainder when t(-5) is divided by a?
35
Let u = 1910 + -1417. What is the remainder when u is divided by 19?
18
Let y(g) = 32*g**2 + 2*g. Let r be y(-1). Suppose 0 = -0*q + 3*q - r. Calculate the remainder when (1278/8)/9 - 3/(-12) is divided by q.
8
Let z = 504 - 510. Calculate the